
What is the thousands digit of 3489?
3
What is the thousands digit of 77421?
7
What is the units digit of 209?
9
What is the units digit of 9?
9
What is the hundreds digit of 9999?
9
What is the tens digit of 65485?
8
What is the units digit of 806?
6
What is the hundreds digit of 674?
6
What is the units digit of 13233?
3
What is the tens digit of 2522?
2
What is the thousands digit of 1480?
1
What is the hundreds digit of 375?
3
What is the tens digit of 17012?
1
What is the units digit of 17975?
5
What is the units digit of 14796?
6
What is the tens digit of 515?
1
What is the hundreds digit of 3842?
8
What is the tens digit of 3016?
1
What is the thousands digit of 72729?
2
What is the units digit of 1935?
5
What is the thousands digit of 4844?
4
What is the hundreds digit of 2981?
9
What is the tens digit of 63468?
6
What is the tens digit of 57567?
6
What is the thousands digit of 27744?
7
What is the units digit of 939?
9
What is the units digit of 12547?
7
What is the hundreds digit of 46756?
7
What is the units digit of 82823?
3
What is the tens digit of 667?
6
What is the ten thousands digit of 36407?
3
What is the hundreds digit of 309?
3
What is the hundreds digit of 9167?
1
What is the hundreds digit of 23949?
9
What is the thousands digit of 43034?
3
What is the units digit of 17678?
8
What is the tens digit of 4012?
1
What is the tens digit of 35143?
4
What is the tens digit of 29236?
3
What is the hundreds digit of 1112?
1
What is the hundreds digit of 24629?
6
What is the tens digit of 5557?
5
What is the tens digit of 10654?
5
What is the tens digit of 549?
4
What is the tens digit of 713?
1
What is the hundreds digit of 13342?
3
What is the hundreds digit of 173?
1
What is the units digit of 147653?
3
What is the tens digit of 69503?
0
What is the thousands digit of 5442?
5
What is the tens digit of 57064?
6
What is the thousands digit of 4401?
4
What is the units digit of 22552?
2
What is the hundreds digit of 344?
3
What is the tens digit of 1560?
6
What is the hundreds digit of 18776?
7
What is the hundreds digit of 2059?
0
What is the hundreds digit of 821?
8
What is the hundreds digit of 2042?
0
What is the ten thousands digit of 45807?
4
What is the hundreds digit of 6829?
8
What is the units digit of 808?
8
What is the hundreds digit of 2177?
1
What is the units digit of 13019?
9
What is the tens digit of 2953?
5
What is the ten thousands digit of 28926?
2
What is the tens digit of 11?
1
What is the thousands digit of 8072?
8
What is the units digit of 1614?
4
What is the units digit of 22600?
0
What is the thousands digit of 14244?
4
What is the hundreds digit of 11050?
0
What is the hundreds digit of 48232?
2
What is the hundreds digit of 495?
4
What is the ten thousands digit of 28661?
2
What is the units digit of 205?
5
What is the tens digit of 6719?
1
What is the ten thousands digit of 26970?
2
What is the tens digit of 9533?
3
What is the ten thousands digit of 57195?
5
What is the thousands digit of 1044?
1
What is the tens digit of 1740?
4
What is the units digit of 6528?
8
What is the thousands digit of 26862?
6
What is the units digit of 1398?
8
What is the hundreds digit of 3278?
2
What is the hundreds digit of 69492?
4
What is the hundreds digit of 125?
1
What is the units digit of 288?
8
What is the units digit of 1214?
4
What is the hundreds digit of 2545?
5
What is the units digit of 46411?
1
What is the tens digit of 5961?
6
What is the units digit of 13367?
7
What is the tens digit of 83?
8
What is the tens digit of 11407?
0
What is the thousands digit of 1330?
1
What is the hundreds digit of 35159?
1
What is the hundreds digit of 6494?
4
What is the tens digit of 19671?
7
What is the tens digit of 36749?
4
What is the tens digit of 6489?
8
What is the thousands digit of 11222?
1
What is the tens digit of 3324?
2
What is the hundreds digit of 3427?
4
What is the thousands digit of 3182?
3
What is the thousands digit of 42938?
2
What is the hundreds digit of 8978?
9
What is the units digit of 1931?
1
What is the tens digit of 5947?
4
What is the thousands digit of 15689?
5
What is the hundreds digit of 649?
6
What is the tens digit of 13449?
4
What is the thousands digit of 32729?
2
What is the units digit of 1355?
5
What is the units digit of 79061?
1
What is the units digit of 9855?
5
What is the units digit of 30485?
5
What is the thousands digit of 2563?
2
What is the thousands digit of 1568?
1
What is the tens digit of 672?
7
What is the units digit of 8880?
0
What is the tens digit of 6971?
7
What is the tens digit of 35731?
3
What is the tens digit of 188?
8
What is the thousands digit of 48870?
8
What is the tens digit of 492?
9
What is the tens digit of 40204?
0
What is the hundreds digit of 1326?
3
What is the tens digit of 196?
9
What is the hundreds digit of 11008?
0
What is the units digit of 493?
3
What is the thousands digit of 77937?
7
What is the units digit of 27506?
6
What is the hundreds digit of 1937?
9
What is the tens digit of 42933?
3
What is the ten thousands digit of 139265?
3
What is the tens digit of 692?
9
What is the ten thousands digit of 30725?
3
What is the hundred thousands digit of 194674?
1
What is the tens digit of 7172?
7
What is the thousands digit of 111293?
1
What is the units digit of 377?
7
What is the units digit of 549?
9
What is the tens digit of 600?
0
What is the tens digit of 732?
3
What is the tens digit of 2673?
7
What is the thousands digit of 2634?
2
What is the hundreds digit of 2275?
2
What is the tens digit of 7592?
9
What is the hundreds digit of 491?
4
What is the hundreds digit of 133192?
1
What is the ten thousands digit of 16227?
1
What is the units digit of 585?
5
What is the hundreds digit of 69338?
3
What is the units digit of 20627?
7
What is the thousands digit of 6277?
6
What is the tens digit of 14408?
0
What is the thousands digit of 40817?
0
What is the ten thousands digit of 19811?
1
What is the units digit of 3393?
3
What is the thousands digit of 1236?
1
What is the hundreds digit of 923?
9
What is the tens digit of 19878?
7
What is the hundred thousands digit of 162218?
1
What is the thousands digit of 26092?
6
What is the tens digit of 48?
4
What is the tens digit of 4417?
1
What is the hundreds digit of 9656?
6
What is the units digit of 4769?
9
What is the hundreds digit of 25711?
7
What is the units digit of 100814?
4
What is the thousands digit of 3529?
3
What is the units digit of 15230?
0
What is the hundreds digit of 30136?
1
What is the units digit of 33525?
5
What is the hundreds digit of 8950?
9
What is the units digit of 30279?
9
What is the hundreds digit of 5944?
9
What is the tens digit of 7960?
6
What is the hundreds digit of 8054?
0
What is the tens digit of 3626?
2
What is the thousands digit of 5810?
5
What is the units digit of 62215?
5
What is the units digit of 3153?
3
What is the hundreds digit of 24202?
2
What is the thousands digit of 2368?
2
What is the ten thousands digit of 19942?
1
What is the units digit of 1710?
0
What is the units digit of 434?
4
What is the tens digit of 801?
0
What is the units digit of 661?
1
What is the units digit of 17015?
5
What is the units digit of 1227?
7
What is the tens digit of 9700?
0
What is the units digit of 10349?
9
What is the units digit of 6529?
9
What is the hundreds digit of 2818?
8
What is the units digit of 94?
4
What is the units digit of 12864?
4
What is the thousands digit of 1045?
1
What is the units digit of 453?
3
What is the tens digit of 203?
0
What is the tens digit of 77475?
7
What is the thousands digit of 5474?
5
What is the thousands digit of 6156?
6
What is the units digit of 7409?
9
What is the hundreds digit of 11257?
2
What is the units digit of 2002?
2
What is the units digit of 1949?
9
What is the tens digit of 3101?
0
What is the units digit of 2203?
3
What is the hundreds digit of 23558?
5
What is the hundreds digit of 39419?
4
What is the hundreds digit of 565?
5
What is the units digit of 5?
5
What is the units digit of 202?
2
What is the units digit of 143?
3
What is the hundreds digit of 558?
5
What is the tens digit of 481?
8
What is the tens digit of 6192?
9
What is the tens digit of 2606?
0
What is the hundreds digit of 86